{"id":8392,"date":"2025-08-15T12:47:16","date_gmt":"2025-08-15T10:47:16","guid":{"rendered":"https:\/\/canix.cat\/?post_type=tribe_events&#038;p=8392"},"modified":"2025-10-21T08:34:52","modified_gmt":"2025-10-21T06:34:52","slug":"el-figaro","status":"publish","type":"tribe_events","link":"https:\/\/canix.cat\/es\/esdeveniment\/el-figaro\/","title":{"rendered":"Canicross el Figar\u00f3"},"content":{"rendered":"<p>Nueva edici\u00f3n del CANICROSS, DOGSTACLE y CAMINADA del Figar\u00f3.<\/p>\n<p>Carrera 19 \u20ac \u2013 Carrera de canicr\u00f3s por senderos, caminos y bosques del Figar\u00f3. Con buen desnivel y algunos tramos t\u00e9cnicos.<\/p>\n<p>Caminata 10 \u20ac \u2013 Recorrido de 4 km con +150 m<\/p>\n<p>Dogst\u00e1culo 12 \u20ac \u2013 Carrera de obst\u00e1culos con perro. Se deben superar 10 obst\u00e1culos de seguridad, propiocepci\u00f3n, equilibrio y concentraci\u00f3n de forma conjunta gu\u00eda y perro.<\/p>\n<p>Carrera + Dogst\u00e1culo 23 \u20ac<\/p>\n<p>Caminata + Dogst\u00e1culo 16 \u20ac<\/p>\n<p>Dorsal 0 5 \u20ac<\/p>\n<p>Recorrido 2024: <a href=\"https:\/\/ca.wikiloc.com\/rutes-canicross\/canicross-del-figaro-2024-188322366\">https:\/\/ca.wikiloc.com\/rutes-canicross\/canicross-del-figaro-2024-188322366<\/a><\/p>\n<p>Vennos a ver a nuestro <strong>STAND DE CANIX!<\/strong><\/p>\n<p>Carrera puntuable en el Open Correpotes Catalunya.<\/p>\n<p>Sigue la carrera a instagram: <a href=\"https:\/\/www.instagram.com\/canicrosselfigaro\/\">https:\/\/www.instagram.com\/canicrosselfigaro\/<\/a><\/p>","protected":false},"excerpt":{"rendered":"<p>Nova edici\u00f3 del CANICROSS, DOGSTACLE i CAMINADA del Figar\u00f3. Cursa 19 \u20ac &#8211; Cursa de canicr\u00f2s per corriols, camins i boscos del Figar\u00f3. Amb un bon desnivell i alguns trams [&hellip;]<\/p>\n","protected":false},"author":1,"featured_media":8393,"template":"","meta":{"_tribe_events_status":"","_tribe_events_status_reason":"","_joinchat":[],"footnotes":""},"tags":[],"tribe_events_cat":[208],"class_list":["post-8392","tribe_events","type-tribe_events","status-publish","has-post-thumbnail","hentry","tribe_events_cat-open-correpotes-catalunya","cat_open-correpotes-catalunya"],"yoast_head":"<!-- This site is optimized with the Yoast SEO plugin v27.5 - https:\/\/yoast.com\/product\/yoast-seo-wordpress\/ -->\n<title>Canicross el Figar\u00f3 - CaniX<\/title>\n<meta name=\"robots\" content=\"index, follow, max-snippet:-1, max-image-preview:large, max-video-preview:-1\" \/>\n<link rel=\"canonical\" href=\"https:\/\/canix.cat\/es\/esdeveniment\/el-figaro\/\" \/>\n<meta property=\"og:locale\" content=\"es_ES\" \/>\n<meta property=\"og:type\" content=\"article\" \/>\n<meta property=\"og:title\" content=\"Canicross el Figar\u00f3 - CaniX\" \/>\n<meta property=\"og:description\" content=\"Nova edici\u00f3 del CANICROSS, DOGSTACLE i CAMINADA del Figar\u00f3. Cursa 19 \u20ac &#8211; Cursa de canicr\u00f2s per corriols, camins i boscos del Figar\u00f3. Amb un bon desnivell i alguns trams [&hellip;]\" \/>\n<meta property=\"og:url\" content=\"https:\/\/canix.cat\/es\/esdeveniment\/el-figaro\/\" \/>\n<meta property=\"og:site_name\" content=\"CaniX\" \/>\n<meta property=\"article:publisher\" content=\"https:\/\/www.facebook.com\/canixcat\" \/>\n<meta property=\"article:modified_time\" content=\"2025-10-21T06:34:52+00:00\" \/>\n<meta property=\"og:image\" content=\"https:\/\/canix.cat\/wp-content\/uploads\/2025\/08\/figaro25.webp\" \/>\n\t<meta property=\"og:image:width\" content=\"1440\" \/>\n\t<meta property=\"og:image:height\" content=\"1800\" \/>\n\t<meta property=\"og:image:type\" content=\"image\/webp\" \/>\n<meta name=\"twitter:card\" content=\"summary_large_image\" \/>\n<meta name=\"twitter:label1\" content=\"Tiempo de lectura\" \/>\n\t<meta name=\"twitter:data1\" content=\"1 minuto\" \/>\n<script type=\"application\/ld+json\" class=\"yoast-schema-graph\">{\"@context\":\"https:\\\/\\\/schema.org\",\"@graph\":[{\"@type\":\"WebPage\",\"@id\":\"https:\\\/\\\/canix.cat\\\/esdeveniment\\\/el-figaro\\\/\",\"url\":\"https:\\\/\\\/canix.cat\\\/esdeveniment\\\/el-figaro\\\/\",\"name\":\"Canicross el Figar\u00f3 - CaniX\",\"isPartOf\":{\"@id\":\"https:\\\/\\\/canix.cat\\\/#website\"},\"primaryImageOfPage\":{\"@id\":\"https:\\\/\\\/canix.cat\\\/esdeveniment\\\/el-figaro\\\/#primaryimage\"},\"image\":{\"@id\":\"https:\\\/\\\/canix.cat\\\/esdeveniment\\\/el-figaro\\\/#primaryimage\"},\"thumbnailUrl\":\"https:\\\/\\\/canix.cat\\\/wp-content\\\/uploads\\\/2025\\\/08\\\/figaro25.webp\",\"datePublished\":\"2025-08-15T10:47:16+00:00\",\"dateModified\":\"2025-10-21T06:34:52+00:00\",\"breadcrumb\":{\"@id\":\"https:\\\/\\\/canix.cat\\\/esdeveniment\\\/el-figaro\\\/#breadcrumb\"},\"inLanguage\":\"es\",\"potentialAction\":[{\"@type\":\"ReadAction\",\"target\":[\"https:\\\/\\\/canix.cat\\\/esdeveniment\\\/el-figaro\\\/\"]}]},{\"@type\":\"ImageObject\",\"inLanguage\":\"es\",\"@id\":\"https:\\\/\\\/canix.cat\\\/esdeveniment\\\/el-figaro\\\/#primaryimage\",\"url\":\"https:\\\/\\\/canix.cat\\\/wp-content\\\/uploads\\\/2025\\\/08\\\/figaro25.webp\",\"contentUrl\":\"https:\\\/\\\/canix.cat\\\/wp-content\\\/uploads\\\/2025\\\/08\\\/figaro25.webp\",\"width\":1440,\"height\":1800},{\"@type\":\"BreadcrumbList\",\"@id\":\"https:\\\/\\\/canix.cat\\\/esdeveniment\\\/el-figaro\\\/#breadcrumb\",\"itemListElement\":[{\"@type\":\"ListItem\",\"position\":1,\"name\":\"Portada\",\"item\":\"https:\\\/\\\/canix.cat\\\/\"},{\"@type\":\"ListItem\",\"position\":2,\"name\":\"Esdeveniments\",\"item\":\"https:\\\/\\\/canix.cat\\\/esdeveniments\\\/\"},{\"@type\":\"ListItem\",\"position\":3,\"name\":\"Canicross el Figar\u00f3\"}]},{\"@type\":\"WebSite\",\"@id\":\"https:\\\/\\\/canix.cat\\\/#website\",\"url\":\"https:\\\/\\\/canix.cat\\\/\",\"name\":\"CaniX\",\"description\":\"Equipament per a gossos esportistes\",\"publisher\":{\"@id\":\"https:\\\/\\\/canix.cat\\\/#organization\"},\"potentialAction\":[{\"@type\":\"SearchAction\",\"target\":{\"@type\":\"EntryPoint\",\"urlTemplate\":\"https:\\\/\\\/canix.cat\\\/?s={search_term_string}\"},\"query-input\":{\"@type\":\"PropertyValueSpecification\",\"valueRequired\":true,\"valueName\":\"search_term_string\"}}],\"inLanguage\":\"es\"},{\"@type\":\"Organization\",\"@id\":\"https:\\\/\\\/canix.cat\\\/#organization\",\"name\":\"CaniX\",\"url\":\"https:\\\/\\\/canix.cat\\\/\",\"logo\":{\"@type\":\"ImageObject\",\"inLanguage\":\"es\",\"@id\":\"https:\\\/\\\/canix.cat\\\/#\\\/schema\\\/logo\\\/image\\\/\",\"url\":\"https:\\\/\\\/canix.cat\\\/wp-content\\\/uploads\\\/2024\\\/11\\\/logo-canix-sardinian-1.png\",\"contentUrl\":\"https:\\\/\\\/canix.cat\\\/wp-content\\\/uploads\\\/2024\\\/11\\\/logo-canix-sardinian-1.png\",\"width\":350,\"height\":201,\"caption\":\"CaniX\"},\"image\":{\"@id\":\"https:\\\/\\\/canix.cat\\\/#\\\/schema\\\/logo\\\/image\\\/\"},\"sameAs\":[\"https:\\\/\\\/www.facebook.com\\\/canixcat\",\"https:\\\/\\\/www.instagram.com\\\/canixcat\"]}]}<\/script>\n<!-- \/ Yoast SEO plugin. -->","yoast_head_json":{"title":"Canicross el Figar\u00f3 - CaniX","robots":{"index":"index","follow":"follow","max-snippet":"max-snippet:-1","max-image-preview":"max-image-preview:large","max-video-preview":"max-video-preview:-1"},"canonical":"https:\/\/canix.cat\/es\/esdeveniment\/el-figaro\/","og_locale":"es_ES","og_type":"article","og_title":"Canicross el Figar\u00f3 - CaniX","og_description":"Nova edici\u00f3 del CANICROSS, DOGSTACLE i CAMINADA del Figar\u00f3. Cursa 19 \u20ac &#8211; Cursa de canicr\u00f2s per corriols, camins i boscos del Figar\u00f3. Amb un bon desnivell i alguns trams [&hellip;]","og_url":"https:\/\/canix.cat\/es\/esdeveniment\/el-figaro\/","og_site_name":"CaniX","article_publisher":"https:\/\/www.facebook.com\/canixcat","article_modified_time":"2025-10-21T06:34:52+00:00","og_image":[{"width":1440,"height":1800,"url":"https:\/\/canix.cat\/wp-content\/uploads\/2025\/08\/figaro25.webp","type":"image\/webp"}],"twitter_card":"summary_large_image","twitter_misc":{"Tiempo de lectura":"1 minuto"},"schema":{"@context":"https:\/\/schema.org","@graph":[{"@type":"WebPage","@id":"https:\/\/canix.cat\/esdeveniment\/el-figaro\/","url":"https:\/\/canix.cat\/esdeveniment\/el-figaro\/","name":"Canicross el Figar\u00f3 - CaniX","isPartOf":{"@id":"https:\/\/canix.cat\/#website"},"primaryImageOfPage":{"@id":"https:\/\/canix.cat\/esdeveniment\/el-figaro\/#primaryimage"},"image":{"@id":"https:\/\/canix.cat\/esdeveniment\/el-figaro\/#primaryimage"},"thumbnailUrl":"https:\/\/canix.cat\/wp-content\/uploads\/2025\/08\/figaro25.webp","datePublished":"2025-08-15T10:47:16+00:00","dateModified":"2025-10-21T06:34:52+00:00","breadcrumb":{"@id":"https:\/\/canix.cat\/esdeveniment\/el-figaro\/#breadcrumb"},"inLanguage":"es","potentialAction":[{"@type":"ReadAction","target":["https:\/\/canix.cat\/esdeveniment\/el-figaro\/"]}]},{"@type":"ImageObject","inLanguage":"es","@id":"https:\/\/canix.cat\/esdeveniment\/el-figaro\/#primaryimage","url":"https:\/\/canix.cat\/wp-content\/uploads\/2025\/08\/figaro25.webp","contentUrl":"https:\/\/canix.cat\/wp-content\/uploads\/2025\/08\/figaro25.webp","width":1440,"height":1800},{"@type":"BreadcrumbList","@id":"https:\/\/canix.cat\/esdeveniment\/el-figaro\/#breadcrumb","itemListElement":[{"@type":"ListItem","position":1,"name":"Portada","item":"https:\/\/canix.cat\/"},{"@type":"ListItem","position":2,"name":"Esdeveniments","item":"https:\/\/canix.cat\/esdeveniments\/"},{"@type":"ListItem","position":3,"name":"Canicross el Figar\u00f3"}]},{"@type":"WebSite","@id":"https:\/\/canix.cat\/#website","url":"https:\/\/canix.cat\/","name":"CaniX","description":"Equipamiento para perros deportistas","publisher":{"@id":"https:\/\/canix.cat\/#organization"},"potentialAction":[{"@type":"SearchAction","target":{"@type":"EntryPoint","urlTemplate":"https:\/\/canix.cat\/?s={search_term_string}"},"query-input":{"@type":"PropertyValueSpecification","valueRequired":true,"valueName":"search_term_string"}}],"inLanguage":"es"},{"@type":"Organization","@id":"https:\/\/canix.cat\/#organization","name":"CaniX","url":"https:\/\/canix.cat\/","logo":{"@type":"ImageObject","inLanguage":"es","@id":"https:\/\/canix.cat\/#\/schema\/logo\/image\/","url":"https:\/\/canix.cat\/wp-content\/uploads\/2024\/11\/logo-canix-sardinian-1.png","contentUrl":"https:\/\/canix.cat\/wp-content\/uploads\/2024\/11\/logo-canix-sardinian-1.png","width":350,"height":201,"caption":"CaniX"},"image":{"@id":"https:\/\/canix.cat\/#\/schema\/logo\/image\/"},"sameAs":["https:\/\/www.facebook.com\/canixcat","https:\/\/www.instagram.com\/canixcat"]}]}},"_links":{"self":[{"href":"https:\/\/canix.cat\/es\/wp-json\/wp\/v2\/tribe_events\/8392","targetHints":{"allow":["GET"]}}],"collection":[{"href":"https:\/\/canix.cat\/es\/wp-json\/wp\/v2\/tribe_events"}],"about":[{"href":"https:\/\/canix.cat\/es\/wp-json\/wp\/v2\/types\/tribe_events"}],"author":[{"embeddable":true,"href":"https:\/\/canix.cat\/es\/wp-json\/wp\/v2\/users\/1"}],"version-history":[{"count":9,"href":"https:\/\/canix.cat\/es\/wp-json\/wp\/v2\/tribe_events\/8392\/revisions"}],"predecessor-version":[{"id":8562,"href":"https:\/\/canix.cat\/es\/wp-json\/wp\/v2\/tribe_events\/8392\/revisions\/8562"}],"wp:featuredmedia":[{"embeddable":true,"href":"https:\/\/canix.cat\/es\/wp-json\/wp\/v2\/media\/8393"}],"wp:attachment":[{"href":"https:\/\/canix.cat\/es\/wp-json\/wp\/v2\/media?parent=8392"}],"wp:term":[{"taxonomy":"post_tag","embeddable":true,"href":"https:\/\/canix.cat\/es\/wp-json\/wp\/v2\/tags?post=8392"},{"taxonomy":"tribe_events_cat","embeddable":true,"href":"https:\/\/canix.cat\/es\/wp-json\/wp\/v2\/tribe_events_cat?post=8392"}],"curies":[{"name":"wp","href":"https:\/\/api.w.org\/{rel}","templated":true}]}}

Canicross el Figaró

<p>Nueva edición del CANICROSS, DOGSTACLE y CAMINADA del Figaró.</p>
<p>Carrera 19 € – Carrera de canicrós por senderos, caminos y bosques del Figaró. Con buen desnivel y algunos tramos técnicos.</p>
<p>Caminata 10 € – Recorrido de 4 km con +150 m</p>
<p>Dogstáculo 12 € – Carrera de obstáculos con perro. Se deben superar 10 obstáculos de seguridad, propiocepción, equilibrio y concentración de forma conjunta guía y perro.</p>
<p>Carrera + Dogstáculo 23 €</p>
<p>Caminata + Dogstáculo 16 €</p>
<p>Dorsal 0 5 €</p>
<p>Recorrido 2024: <a href="https://ca.wikiloc.com/rutes-canicross/canicross-del-figaro-2024-188322366">https://ca.wikiloc.com/rutes-canicross/canicross-del-figaro-2024-188322366</a></p>
<p>Vennos a ver a nuestro <strong>STAND DE CANIX!</strong></p>
<p>Carrera puntuable en el Open Correpotes Catalunya.</p>
<p>Sigue la carrera a instagram: <a href="https://www.instagram.com/canicrosselfigaro/">https://www.instagram.com/canicrosselfigaro/</a></p>

<p>Nova edició del CANICROSS, DOGSTACLE i CAMINADA del Figaró. Cursa 19 € &#8211; Cursa de canicròs per corriols, camins i boscos del Figaró. Amb un bon desnivell i alguns trams [&hellip;]</p>

<!-- This site is optimized with the Yoast SEO plugin v27.5 - https://yoast.com/product/yoast-seo-wordpress/ -->
<title>Canicross el Figaró - CaniX</title>
<meta name="robots" content="index, follow, max-snippet:-1, max-image-preview:large, max-video-preview:-1" />
<link rel="canonical" href="https://canix.cat/es/esdeveniment/el-figaro/" />
<meta property="og:locale" content="es_ES" />
<meta property="og:type" content="article" />
<meta property="og:title" content="Canicross el Figaró - CaniX" />
<meta property="og:description" content="Nova edició del CANICROSS, DOGSTACLE i CAMINADA del Figaró. Cursa 19 € &#8211; Cursa de canicròs per corriols, camins i boscos del Figaró. Amb un bon desnivell i alguns trams [&hellip;]" />
<meta property="og:url" content="https://canix.cat/es/esdeveniment/el-figaro/" />
<meta property="og:site_name" content="CaniX" />
<meta property="article:publisher" content="https://www.facebook.com/canixcat" />
<meta property="article:modified_time" content="2025-10-21T06:34:52+00:00" />
<meta property="og:image" content="https://canix.cat/wp-content/uploads/2025/08/figaro25.webp" />
	<meta property="og:image:width" content="1440" />
	<meta property="og:image:height" content="1800" />
	<meta property="og:image:type" content="image/webp" />
<meta name="twitter:card" content="summary_large_image" />
<meta name="twitter:label1" content="Tiempo de lectura" />
	<meta name="twitter:data1" content="1 minuto" />
<script type="application/ld+json" class="yoast-schema-graph">{"@context":"https:\/\/schema.org","@graph":[{"@type":"WebPage","@id":"https:\/\/canix.cat\/esdeveniment\/el-figaro\/","url":"https:\/\/canix.cat\/esdeveniment\/el-figaro\/","name":"Canicross el Figaró - CaniX","isPartOf":{"@id":"https:\/\/canix.cat\/#website"},"primaryImageOfPage":{"@id":"https:\/\/canix.cat\/esdeveniment\/el-figaro\/#primaryimage"},"image":{"@id":"https:\/\/canix.cat\/esdeveniment\/el-figaro\/#primaryimage"},"thumbnailUrl":"https:\/\/canix.cat\/wp-content\/uploads\/2025\/08\/figaro25.webp","datePublished":"2025-08-15T10:47:16+00:00","dateModified":"2025-10-21T06:34:52+00:00","breadcrumb":{"@id":"https:\/\/canix.cat\/esdeveniment\/el-figaro\/#breadcrumb"},"inLanguage":"es","potentialAction":[{"@type":"ReadAction","target":["https:\/\/canix.cat\/esdeveniment\/el-figaro\/"]}]},{"@type":"ImageObject","inLanguage":"es","@id":"https:\/\/canix.cat\/esdeveniment\/el-figaro\/#primaryimage","url":"https:\/\/canix.cat\/wp-content\/uploads\/2025\/08\/figaro25.webp","contentUrl":"https:\/\/canix.cat\/wp-content\/uploads\/2025\/08\/figaro25.webp","width":1440,"height":1800},{"@type":"BreadcrumbList","@id":"https:\/\/canix.cat\/esdeveniment\/el-figaro\/#breadcrumb","itemListElement":[{"@type":"ListItem","position":1,"name":"Portada","item":"https:\/\/canix.cat\/"},{"@type":"ListItem","position":2,"name":"Esdeveniments","item":"https:\/\/canix.cat\/esdeveniments\/"},{"@type":"ListItem","position":3,"name":"Canicross el Figaró"}]},{"@type":"WebSite","@id":"https:\/\/canix.cat\/#website","url":"https:\/\/canix.cat\/","name":"CaniX","description":"Equipament per a gossos esportistes","publisher":{"@id":"https:\/\/canix.cat\/#organization"},"potentialAction":[{"@type":"SearchAction","target":{"@type":"EntryPoint","urlTemplate":"https:\/\/canix.cat\/?s={search_term_string}"},"query-input":{"@type":"PropertyValueSpecification","valueRequired":true,"valueName":"search_term_string"}}],"inLanguage":"es"},{"@type":"Organization","@id":"https:\/\/canix.cat\/#organization","name":"CaniX","url":"https:\/\/canix.cat\/","logo":{"@type":"ImageObject","inLanguage":"es","@id":"https:\/\/canix.cat\/#\/schema\/logo\/image\/","url":"https:\/\/canix.cat\/wp-content\/uploads\/2024\/11\/logo-canix-sardinian-1.png","contentUrl":"https:\/\/canix.cat\/wp-content\/uploads\/2024\/11\/logo-canix-sardinian-1.png","width":350,"height":201,"caption":"CaniX"},"image":{"@id":"https:\/\/canix.cat\/#\/schema\/logo\/image\/"},"sameAs":["https:\/\/www.facebook.com\/canixcat","https:\/\/www.instagram.com\/canixcat"]}]}</script>
<!-- / Yoast SEO plugin. -->

Canicross el Figaró - CaniX

Nova edició del CANICROSS, DOGSTACLE i CAMINADA del Figaró. Cursa 19 € &#8211; Cursa de canicròs per corriols, camins i boscos del Figaró. Amb un bon desnivell i alguns trams [&hellip;]
