{"id":8466,"date":"2025-08-28T16:26:44","date_gmt":"2025-08-28T14:26:44","guid":{"rendered":"https:\/\/canix.cat\/?post_type=tribe_events&#038;p=8466"},"modified":"2025-10-21T08:39:52","modified_gmt":"2025-10-21T06:39:52","slug":"cursa-del-gos-solidaria-del-baix-penedes","status":"publish","type":"tribe_events","link":"https:\/\/canix.cat\/es\/esdeveniment\/cursa-del-gos-solidaria-del-baix-penedes\/","title":{"rendered":"Carrera del perro solidaria del Baix Pened\u00e8s"},"content":{"rendered":"<p>Segunda edici\u00f3n de la carrera del perro solidaria ubicada en El Vendrell.<\/p>\n<p>La \u201c2\u00aa edici\u00f3n de la carrera y caminata del perro del Baix Pened\u00e8s\u201d, organizada por ARDA \u2013 Asociaci\u00f3n de Rescate y Defensa Animal, es una carrera y caminata solidaria con el objetivo de recaudar dinero por la asociaci\u00f3n as\u00ed como sensibilizar y concienciar a la ciudadan\u00eda sobre la tenencia responsable de animales.<\/p>\n<p>La carrera por aquellos valientes y valientes que, junto con su peludo, est\u00e1n habituados a correr por terrenos con desnivel y cierta exigencia t\u00e9cnica. Son 7,5 km con +230 m de senderos, caminos de sotobosque, alg\u00fan tramo de carretera secundaria y\u2026 \u00a1mucha piedra! No es en vano que la Serra se llama \u201cla Pedregosa\u201d.<\/p>\n<p>Carrera puntuable en el Open Correpotes Catalunya.<\/p>\n<p>Sigue la carrera a instagram: <a href=\"https:\/\/www.instagram.com\/cursadelgosbaixpenedes\/\">https:\/\/www.instagram.com\/cursadelgosbaixpenedes\/<\/a><\/p>","protected":false},"excerpt":{"rendered":"<p>Segona edici\u00f3 de la cursa del gos solid\u00e0ria ubicada al Vendrell. La \u201c2a edici\u00f3 de la cursa i caminada del gos del Baix Pened\u00e8s\u201d, organitzada per ARDA &#8211; Associaci\u00f3 de [&hellip;]<\/p>\n","protected":false},"author":6,"featured_media":8566,"template":"","meta":{"_tribe_events_status":"","_tribe_events_status_reason":"","_joinchat":[],"footnotes":""},"tags":[212],"tribe_events_cat":[208],"class_list":["post-8466","tribe_events","type-tribe_events","status-publish","has-post-thumbnail","hentry","tag-canicros","tribe_events_cat-open-correpotes-catalunya","cat_open-correpotes-catalunya"],"yoast_head":"<!-- This site is optimized with the Yoast SEO plugin v27.5 - https:\/\/yoast.com\/product\/yoast-seo-wordpress\/ -->\n<title>Cursa del gos solid\u00e0ria del Baix Pened\u00e8s - CaniX<\/title>\n<meta name=\"robots\" content=\"index, follow, max-snippet:-1, max-image-preview:large, max-video-preview:-1\" \/>\n<link rel=\"canonical\" href=\"https:\/\/canix.cat\/es\/esdeveniment\/cursa-del-gos-solidaria-del-baix-penedes\/\" \/>\n<meta property=\"og:locale\" content=\"es_ES\" \/>\n<meta property=\"og:type\" content=\"article\" \/>\n<meta property=\"og:title\" content=\"Cursa del gos solid\u00e0ria del Baix Pened\u00e8s - CaniX\" \/>\n<meta property=\"og:description\" content=\"Segona edici\u00f3 de la cursa del gos solid\u00e0ria ubicada al Vendrell. La \u201c2a edici\u00f3 de la cursa i caminada del gos del Baix Pened\u00e8s\u201d, organitzada per ARDA &#8211; Associaci\u00f3 de [&hellip;]\" \/>\n<meta property=\"og:url\" content=\"https:\/\/canix.cat\/es\/esdeveniment\/cursa-del-gos-solidaria-del-baix-penedes\/\" \/>\n<meta property=\"og:site_name\" content=\"CaniX\" \/>\n<meta property=\"article:publisher\" content=\"https:\/\/www.facebook.com\/canixcat\" \/>\n<meta property=\"article:modified_time\" content=\"2025-10-21T06:39:52+00:00\" \/>\n<meta property=\"og:image\" content=\"https:\/\/canix.cat\/wp-content\/uploads\/2025\/08\/Cursa-del-gos.jpg\" \/>\n\t<meta property=\"og:image:width\" content=\"599\" \/>\n\t<meta property=\"og:image:height\" content=\"850\" \/>\n\t<meta property=\"og:image:type\" content=\"image\/jpeg\" \/>\n<meta name=\"twitter:card\" content=\"summary_large_image\" \/>\n<meta name=\"twitter:label1\" content=\"Tiempo de lectura\" \/>\n\t<meta name=\"twitter:data1\" content=\"1 minuto\" \/>\n<script type=\"application\/ld+json\" class=\"yoast-schema-graph\">{\"@context\":\"https:\\\/\\\/schema.org\",\"@graph\":[{\"@type\":\"WebPage\",\"@id\":\"https:\\\/\\\/canix.cat\\\/esdeveniment\\\/cursa-del-gos-solidaria-del-baix-penedes\\\/\",\"url\":\"https:\\\/\\\/canix.cat\\\/esdeveniment\\\/cursa-del-gos-solidaria-del-baix-penedes\\\/\",\"name\":\"Cursa del gos solid\u00e0ria del Baix Pened\u00e8s - CaniX\",\"isPartOf\":{\"@id\":\"https:\\\/\\\/canix.cat\\\/#website\"},\"primaryImageOfPage\":{\"@id\":\"https:\\\/\\\/canix.cat\\\/esdeveniment\\\/cursa-del-gos-solidaria-del-baix-penedes\\\/#primaryimage\"},\"image\":{\"@id\":\"https:\\\/\\\/canix.cat\\\/esdeveniment\\\/cursa-del-gos-solidaria-del-baix-penedes\\\/#primaryimage\"},\"thumbnailUrl\":\"https:\\\/\\\/canix.cat\\\/wp-content\\\/uploads\\\/2025\\\/08\\\/Cursa-del-gos.jpg\",\"datePublished\":\"2025-08-28T14:26:44+00:00\",\"dateModified\":\"2025-10-21T06:39:52+00:00\",\"breadcrumb\":{\"@id\":\"https:\\\/\\\/canix.cat\\\/esdeveniment\\\/cursa-del-gos-solidaria-del-baix-penedes\\\/#breadcrumb\"},\"inLanguage\":\"es\",\"potentialAction\":[{\"@type\":\"ReadAction\",\"target\":[\"https:\\\/\\\/canix.cat\\\/esdeveniment\\\/cursa-del-gos-solidaria-del-baix-penedes\\\/\"]}]},{\"@type\":\"ImageObject\",\"inLanguage\":\"es\",\"@id\":\"https:\\\/\\\/canix.cat\\\/esdeveniment\\\/cursa-del-gos-solidaria-del-baix-penedes\\\/#primaryimage\",\"url\":\"https:\\\/\\\/canix.cat\\\/wp-content\\\/uploads\\\/2025\\\/08\\\/Cursa-del-gos.jpg\",\"contentUrl\":\"https:\\\/\\\/canix.cat\\\/wp-content\\\/uploads\\\/2025\\\/08\\\/Cursa-del-gos.jpg\",\"width\":599,\"height\":850},{\"@type\":\"BreadcrumbList\",\"@id\":\"https:\\\/\\\/canix.cat\\\/esdeveniment\\\/cursa-del-gos-solidaria-del-baix-penedes\\\/#breadcrumb\",\"itemListElement\":[{\"@type\":\"ListItem\",\"position\":1,\"name\":\"Portada\",\"item\":\"https:\\\/\\\/canix.cat\\\/\"},{\"@type\":\"ListItem\",\"position\":2,\"name\":\"Esdeveniments\",\"item\":\"https:\\\/\\\/canix.cat\\\/esdeveniments\\\/\"},{\"@type\":\"ListItem\",\"position\":3,\"name\":\"Cursa del gos solid\u00e0ria del Baix Pened\u00e8s\"}]},{\"@type\":\"WebSite\",\"@id\":\"https:\\\/\\\/canix.cat\\\/#website\",\"url\":\"https:\\\/\\\/canix.cat\\\/\",\"name\":\"CaniX\",\"description\":\"Equipament per a gossos esportistes\",\"publisher\":{\"@id\":\"https:\\\/\\\/canix.cat\\\/#organization\"},\"potentialAction\":[{\"@type\":\"SearchAction\",\"target\":{\"@type\":\"EntryPoint\",\"urlTemplate\":\"https:\\\/\\\/canix.cat\\\/?s={search_term_string}\"},\"query-input\":{\"@type\":\"PropertyValueSpecification\",\"valueRequired\":true,\"valueName\":\"search_term_string\"}}],\"inLanguage\":\"es\"},{\"@type\":\"Organization\",\"@id\":\"https:\\\/\\\/canix.cat\\\/#organization\",\"name\":\"CaniX\",\"url\":\"https:\\\/\\\/canix.cat\\\/\",\"logo\":{\"@type\":\"ImageObject\",\"inLanguage\":\"es\",\"@id\":\"https:\\\/\\\/canix.cat\\\/#\\\/schema\\\/logo\\\/image\\\/\",\"url\":\"https:\\\/\\\/canix.cat\\\/wp-content\\\/uploads\\\/2024\\\/11\\\/logo-canix-sardinian-1.png\",\"contentUrl\":\"https:\\\/\\\/canix.cat\\\/wp-content\\\/uploads\\\/2024\\\/11\\\/logo-canix-sardinian-1.png\",\"width\":350,\"height\":201,\"caption\":\"CaniX\"},\"image\":{\"@id\":\"https:\\\/\\\/canix.cat\\\/#\\\/schema\\\/logo\\\/image\\\/\"},\"sameAs\":[\"https:\\\/\\\/www.facebook.com\\\/canixcat\",\"https:\\\/\\\/www.instagram.com\\\/canixcat\"]}]}<\/script>\n<!-- \/ Yoast SEO plugin. -->","yoast_head_json":{"title":"Carrera del perro solidaria del Baix Pened\u00e8s - CaniX","robots":{"index":"index","follow":"follow","max-snippet":"max-snippet:-1","max-image-preview":"max-image-preview:large","max-video-preview":"max-video-preview:-1"},"canonical":"https:\/\/canix.cat\/es\/esdeveniment\/cursa-del-gos-solidaria-del-baix-penedes\/","og_locale":"es_ES","og_type":"article","og_title":"Cursa del gos solid\u00e0ria del Baix Pened\u00e8s - CaniX","og_description":"Segona edici\u00f3 de la cursa del gos solid\u00e0ria ubicada al Vendrell. La \u201c2a edici\u00f3 de la cursa i caminada del gos del Baix Pened\u00e8s\u201d, organitzada per ARDA &#8211; Associaci\u00f3 de [&hellip;]","og_url":"https:\/\/canix.cat\/es\/esdeveniment\/cursa-del-gos-solidaria-del-baix-penedes\/","og_site_name":"CaniX","article_publisher":"https:\/\/www.facebook.com\/canixcat","article_modified_time":"2025-10-21T06:39:52+00:00","og_image":[{"width":599,"height":850,"url":"https:\/\/canix.cat\/wp-content\/uploads\/2025\/08\/Cursa-del-gos.jpg","type":"image\/jpeg"}],"twitter_card":"summary_large_image","twitter_misc":{"Tiempo de lectura":"1 minuto"},"schema":{"@context":"https:\/\/schema.org","@graph":[{"@type":"WebPage","@id":"https:\/\/canix.cat\/esdeveniment\/cursa-del-gos-solidaria-del-baix-penedes\/","url":"https:\/\/canix.cat\/esdeveniment\/cursa-del-gos-solidaria-del-baix-penedes\/","name":"Carrera del perro solidaria del Baix Pened\u00e8s - CaniX","isPartOf":{"@id":"https:\/\/canix.cat\/#website"},"primaryImageOfPage":{"@id":"https:\/\/canix.cat\/esdeveniment\/cursa-del-gos-solidaria-del-baix-penedes\/#primaryimage"},"image":{"@id":"https:\/\/canix.cat\/esdeveniment\/cursa-del-gos-solidaria-del-baix-penedes\/#primaryimage"},"thumbnailUrl":"https:\/\/canix.cat\/wp-content\/uploads\/2025\/08\/Cursa-del-gos.jpg","datePublished":"2025-08-28T14:26:44+00:00","dateModified":"2025-10-21T06:39:52+00:00","breadcrumb":{"@id":"https:\/\/canix.cat\/esdeveniment\/cursa-del-gos-solidaria-del-baix-penedes\/#breadcrumb"},"inLanguage":"es","potentialAction":[{"@type":"ReadAction","target":["https:\/\/canix.cat\/esdeveniment\/cursa-del-gos-solidaria-del-baix-penedes\/"]}]},{"@type":"ImageObject","inLanguage":"es","@id":"https:\/\/canix.cat\/esdeveniment\/cursa-del-gos-solidaria-del-baix-penedes\/#primaryimage","url":"https:\/\/canix.cat\/wp-content\/uploads\/2025\/08\/Cursa-del-gos.jpg","contentUrl":"https:\/\/canix.cat\/wp-content\/uploads\/2025\/08\/Cursa-del-gos.jpg","width":599,"height":850},{"@type":"BreadcrumbList","@id":"https:\/\/canix.cat\/esdeveniment\/cursa-del-gos-solidaria-del-baix-penedes\/#breadcrumb","itemListElement":[{"@type":"ListItem","position":1,"name":"Portada","item":"https:\/\/canix.cat\/"},{"@type":"ListItem","position":2,"name":"Esdeveniments","item":"https:\/\/canix.cat\/esdeveniments\/"},{"@type":"ListItem","position":3,"name":"Cursa del gos solid\u00e0ria del Baix Pened\u00e8s"}]},{"@type":"WebSite","@id":"https:\/\/canix.cat\/#website","url":"https:\/\/canix.cat\/","name":"CaniX","description":"Equipamiento para perros deportistas","publisher":{"@id":"https:\/\/canix.cat\/#organization"},"potentialAction":[{"@type":"SearchAction","target":{"@type":"EntryPoint","urlTemplate":"https:\/\/canix.cat\/?s={search_term_string}"},"query-input":{"@type":"PropertyValueSpecification","valueRequired":true,"valueName":"search_term_string"}}],"inLanguage":"es"},{"@type":"Organization","@id":"https:\/\/canix.cat\/#organization","name":"CaniX","url":"https:\/\/canix.cat\/","logo":{"@type":"ImageObject","inLanguage":"es","@id":"https:\/\/canix.cat\/#\/schema\/logo\/image\/","url":"https:\/\/canix.cat\/wp-content\/uploads\/2024\/11\/logo-canix-sardinian-1.png","contentUrl":"https:\/\/canix.cat\/wp-content\/uploads\/2024\/11\/logo-canix-sardinian-1.png","width":350,"height":201,"caption":"CaniX"},"image":{"@id":"https:\/\/canix.cat\/#\/schema\/logo\/image\/"},"sameAs":["https:\/\/www.facebook.com\/canixcat","https:\/\/www.instagram.com\/canixcat"]}]}},"_links":{"self":[{"href":"https:\/\/canix.cat\/es\/wp-json\/wp\/v2\/tribe_events\/8466","targetHints":{"allow":["GET"]}}],"collection":[{"href":"https:\/\/canix.cat\/es\/wp-json\/wp\/v2\/tribe_events"}],"about":[{"href":"https:\/\/canix.cat\/es\/wp-json\/wp\/v2\/types\/tribe_events"}],"author":[{"embeddable":true,"href":"https:\/\/canix.cat\/es\/wp-json\/wp\/v2\/users\/6"}],"version-history":[{"count":5,"href":"https:\/\/canix.cat\/es\/wp-json\/wp\/v2\/tribe_events\/8466\/revisions"}],"predecessor-version":[{"id":8567,"href":"https:\/\/canix.cat\/es\/wp-json\/wp\/v2\/tribe_events\/8466\/revisions\/8567"}],"wp:featuredmedia":[{"embeddable":true,"href":"https:\/\/canix.cat\/es\/wp-json\/wp\/v2\/media\/8566"}],"wp:attachment":[{"href":"https:\/\/canix.cat\/es\/wp-json\/wp\/v2\/media?parent=8466"}],"wp:term":[{"taxonomy":"post_tag","embeddable":true,"href":"https:\/\/canix.cat\/es\/wp-json\/wp\/v2\/tags?post=8466"},{"taxonomy":"tribe_events_cat","embeddable":true,"href":"https:\/\/canix.cat\/es\/wp-json\/wp\/v2\/tribe_events_cat?post=8466"}],"curies":[{"name":"wp","href":"https:\/\/api.w.org\/{rel}","templated":true}]}}

Carrera del perro solidaria del Baix Penedès

<p>Segunda edición de la carrera del perro solidaria ubicada en El Vendrell.</p>
<p>La “2ª edición de la carrera y caminata del perro del Baix Penedès”, organizada por ARDA – Asociación de Rescate y Defensa Animal, es una carrera y caminata solidaria con el objetivo de recaudar dinero por la asociación así como sensibilizar y concienciar a la ciudadanía sobre la tenencia responsable de animales.</p>
<p>La carrera por aquellos valientes y valientes que, junto con su peludo, están habituados a correr por terrenos con desnivel y cierta exigencia técnica. Son 7,5 km con +230 m de senderos, caminos de sotobosque, algún tramo de carretera secundaria y… ¡mucha piedra! No es en vano que la Serra se llama “la Pedregosa”.</p>
<p>Carrera puntuable en el Open Correpotes Catalunya.</p>
<p>Sigue la carrera a instagram: <a href="https://www.instagram.com/cursadelgosbaixpenedes/">https://www.instagram.com/cursadelgosbaixpenedes/</a></p>

<p>Segona edició de la cursa del gos solidària ubicada al Vendrell. La “2a edició de la cursa i caminada del gos del Baix Penedès”, organitzada per ARDA &#8211; Associació de [&hellip;]</p>

<!-- This site is optimized with the Yoast SEO plugin v27.5 - https://yoast.com/product/yoast-seo-wordpress/ -->
<title>Cursa del gos solidària del Baix Penedès - CaniX</title>
<meta name="robots" content="index, follow, max-snippet:-1, max-image-preview:large, max-video-preview:-1" />
<link rel="canonical" href="https://canix.cat/es/esdeveniment/cursa-del-gos-solidaria-del-baix-penedes/" />
<meta property="og:locale" content="es_ES" />
<meta property="og:type" content="article" />
<meta property="og:title" content="Cursa del gos solidària del Baix Penedès - CaniX" />
<meta property="og:description" content="Segona edició de la cursa del gos solidària ubicada al Vendrell. La “2a edició de la cursa i caminada del gos del Baix Penedès”, organitzada per ARDA &#8211; Associació de [&hellip;]" />
<meta property="og:url" content="https://canix.cat/es/esdeveniment/cursa-del-gos-solidaria-del-baix-penedes/" />
<meta property="og:site_name" content="CaniX" />
<meta property="article:publisher" content="https://www.facebook.com/canixcat" />
<meta property="article:modified_time" content="2025-10-21T06:39:52+00:00" />
<meta property="og:image" content="https://canix.cat/wp-content/uploads/2025/08/Cursa-del-gos.jpg" />
	<meta property="og:image:width" content="599" />
	<meta property="og:image:height" content="850" />
	<meta property="og:image:type" content="image/jpeg" />
<meta name="twitter:card" content="summary_large_image" />
<meta name="twitter:label1" content="Tiempo de lectura" />
	<meta name="twitter:data1" content="1 minuto" />
<script type="application/ld+json" class="yoast-schema-graph">{"@context":"https:\/\/schema.org","@graph":[{"@type":"WebPage","@id":"https:\/\/canix.cat\/esdeveniment\/cursa-del-gos-solidaria-del-baix-penedes\/","url":"https:\/\/canix.cat\/esdeveniment\/cursa-del-gos-solidaria-del-baix-penedes\/","name":"Cursa del gos solidària del Baix Penedès - CaniX","isPartOf":{"@id":"https:\/\/canix.cat\/#website"},"primaryImageOfPage":{"@id":"https:\/\/canix.cat\/esdeveniment\/cursa-del-gos-solidaria-del-baix-penedes\/#primaryimage"},"image":{"@id":"https:\/\/canix.cat\/esdeveniment\/cursa-del-gos-solidaria-del-baix-penedes\/#primaryimage"},"thumbnailUrl":"https:\/\/canix.cat\/wp-content\/uploads\/2025\/08\/Cursa-del-gos.jpg","datePublished":"2025-08-28T14:26:44+00:00","dateModified":"2025-10-21T06:39:52+00:00","breadcrumb":{"@id":"https:\/\/canix.cat\/esdeveniment\/cursa-del-gos-solidaria-del-baix-penedes\/#breadcrumb"},"inLanguage":"es","potentialAction":[{"@type":"ReadAction","target":["https:\/\/canix.cat\/esdeveniment\/cursa-del-gos-solidaria-del-baix-penedes\/"]}]},{"@type":"ImageObject","inLanguage":"es","@id":"https:\/\/canix.cat\/esdeveniment\/cursa-del-gos-solidaria-del-baix-penedes\/#primaryimage","url":"https:\/\/canix.cat\/wp-content\/uploads\/2025\/08\/Cursa-del-gos.jpg","contentUrl":"https:\/\/canix.cat\/wp-content\/uploads\/2025\/08\/Cursa-del-gos.jpg","width":599,"height":850},{"@type":"BreadcrumbList","@id":"https:\/\/canix.cat\/esdeveniment\/cursa-del-gos-solidaria-del-baix-penedes\/#breadcrumb","itemListElement":[{"@type":"ListItem","position":1,"name":"Portada","item":"https:\/\/canix.cat\/"},{"@type":"ListItem","position":2,"name":"Esdeveniments","item":"https:\/\/canix.cat\/esdeveniments\/"},{"@type":"ListItem","position":3,"name":"Cursa del gos solidària del Baix Penedès"}]},{"@type":"WebSite","@id":"https:\/\/canix.cat\/#website","url":"https:\/\/canix.cat\/","name":"CaniX","description":"Equipament per a gossos esportistes","publisher":{"@id":"https:\/\/canix.cat\/#organization"},"potentialAction":[{"@type":"SearchAction","target":{"@type":"EntryPoint","urlTemplate":"https:\/\/canix.cat\/?s={search_term_string}"},"query-input":{"@type":"PropertyValueSpecification","valueRequired":true,"valueName":"search_term_string"}}],"inLanguage":"es"},{"@type":"Organization","@id":"https:\/\/canix.cat\/#organization","name":"CaniX","url":"https:\/\/canix.cat\/","logo":{"@type":"ImageObject","inLanguage":"es","@id":"https:\/\/canix.cat\/#\/schema\/logo\/image\/","url":"https:\/\/canix.cat\/wp-content\/uploads\/2024\/11\/logo-canix-sardinian-1.png","contentUrl":"https:\/\/canix.cat\/wp-content\/uploads\/2024\/11\/logo-canix-sardinian-1.png","width":350,"height":201,"caption":"CaniX"},"image":{"@id":"https:\/\/canix.cat\/#\/schema\/logo\/image\/"},"sameAs":["https:\/\/www.facebook.com\/canixcat","https:\/\/www.instagram.com\/canixcat"]}]}</script>
<!-- / Yoast SEO plugin. -->

Carrera del perro solidaria del Baix Penedès - CaniX

Cursa del gos solidària del Baix Penedès - CaniX

Segona edició de la cursa del gos solidària ubicada al Vendrell. La “2a edició de la cursa i caminada del gos del Baix Penedès”, organitzada per ARDA &#8211; Associació de [&hellip;]

Cursa del gos solidària del Baix Penedès
