{"id":8510,"date":"2025-10-18T14:47:20","date_gmt":"2025-10-18T12:47:20","guid":{"rendered":"https:\/\/canix.cat\/?post_type=tribe_events&#038;p=8510"},"modified":"2025-10-21T10:15:05","modified_gmt":"2025-10-21T08:15:05","slug":"canitrail-dordal","status":"publish","type":"tribe_events","link":"https:\/\/canix.cat\/es\/esdeveniment\/canitrail-dordal\/","title":{"rendered":"Canitrail de Ordal"},"content":{"rendered":"<p>2\u00ba Canitrail de Ordal (Subirats)<\/p>\n<p>El pr\u00f3ximo 11 de enero volvemos al Ordal, volveremos a disfrutar de una aut\u00e9ntica fiesta solidaria, con canitrail, trail y caminata.<\/p>\n<p>Sigue la carrera a instagram: <a href=\"https:\/\/www.instagram.com\/canicrosspenedes\/\">https:\/\/www.instagram.com\/canicrosspenedes\/<\/a><\/p>\n<p>Recorrido 2025: <a href=\"https:\/\/ca.wikiloc.com\/rutes-canicross\/canitrail-d-ordal-2025-197715532\">https:\/\/ca.wikiloc.com\/rutes-canicross\/canitrail-d-ordal-2025-197715532<\/a><\/p>\n<p>\u00a1Ven a vernos en el stand de CaniX!<\/p>","protected":false},"excerpt":{"rendered":"<p>2n Canitrail d&#8217;Ordal (Subirats) El pr\u00f2xim 11 de gener tornem a l&#8217;Ordal, tornarem a gaudir d&#8217;una aut\u00e8ntica festa solid\u00e0ria, amb canitrail, trail i caminada. Segueix la cursa a instagram: https:\/\/www.instagram.com\/canicrosspenedes\/ [&hellip;]<\/p>\n","protected":false},"author":1,"featured_media":8579,"template":"","meta":{"_tribe_events_status":"","_tribe_events_status_reason":"","_joinchat":[],"footnotes":""},"tags":[212],"tribe_events_cat":[211],"class_list":["post-8510","tribe_events","type-tribe_events","status-publish","has-post-thumbnail","hentry","tag-canicros","tribe_events_cat-canicross-penedes","cat_canicross-penedes"],"yoast_head":"<!-- This site is optimized with the Yoast SEO plugin v27.5 - https:\/\/yoast.com\/product\/yoast-seo-wordpress\/ -->\n<title>Canitrail d\u00b4Ordal - CaniX<\/title>\n<meta name=\"robots\" content=\"index, follow, max-snippet:-1, max-image-preview:large, max-video-preview:-1\" \/>\n<link rel=\"canonical\" href=\"https:\/\/canix.cat\/es\/esdeveniment\/canitrail-dordal\/\" \/>\n<meta property=\"og:locale\" content=\"es_ES\" \/>\n<meta property=\"og:type\" content=\"article\" \/>\n<meta property=\"og:title\" content=\"Canitrail d\u00b4Ordal - CaniX\" \/>\n<meta property=\"og:description\" content=\"2n Canitrail d&#8217;Ordal (Subirats) El pr\u00f2xim 11 de gener tornem a l&#8217;Ordal, tornarem a gaudir d&#8217;una aut\u00e8ntica festa solid\u00e0ria, amb canitrail, trail i caminada. Segueix la cursa a instagram: https:\/\/www.instagram.com\/canicrosspenedes\/ [&hellip;]\" \/>\n<meta property=\"og:url\" content=\"https:\/\/canix.cat\/es\/esdeveniment\/canitrail-dordal\/\" \/>\n<meta property=\"og:site_name\" content=\"CaniX\" \/>\n<meta property=\"article:publisher\" content=\"https:\/\/www.facebook.com\/canixcat\" \/>\n<meta property=\"article:modified_time\" content=\"2025-10-21T08:15:05+00:00\" \/>\n<meta property=\"og:image\" content=\"https:\/\/canix.cat\/wp-content\/uploads\/2025\/10\/Canitrail-Ordal-2026.jpg\" \/>\n\t<meta property=\"og:image:width\" content=\"587\" \/>\n\t<meta property=\"og:image:height\" content=\"783\" \/>\n\t<meta property=\"og:image:type\" content=\"image\/jpeg\" \/>\n<meta name=\"twitter:card\" content=\"summary_large_image\" \/>\n<meta name=\"twitter:label1\" content=\"Tiempo de lectura\" \/>\n\t<meta name=\"twitter:data1\" content=\"1 minuto\" \/>\n<script type=\"application\/ld+json\" class=\"yoast-schema-graph\">{\"@context\":\"https:\\\/\\\/schema.org\",\"@graph\":[{\"@type\":\"WebPage\",\"@id\":\"https:\\\/\\\/canix.cat\\\/esdeveniment\\\/canitrail-dordal\\\/\",\"url\":\"https:\\\/\\\/canix.cat\\\/esdeveniment\\\/canitrail-dordal\\\/\",\"name\":\"Canitrail d\u00b4Ordal - CaniX\",\"isPartOf\":{\"@id\":\"https:\\\/\\\/canix.cat\\\/#website\"},\"primaryImageOfPage\":{\"@id\":\"https:\\\/\\\/canix.cat\\\/esdeveniment\\\/canitrail-dordal\\\/#primaryimage\"},\"image\":{\"@id\":\"https:\\\/\\\/canix.cat\\\/esdeveniment\\\/canitrail-dordal\\\/#primaryimage\"},\"thumbnailUrl\":\"https:\\\/\\\/canix.cat\\\/wp-content\\\/uploads\\\/2025\\\/10\\\/Canitrail-Ordal-2026.jpg\",\"datePublished\":\"2025-10-18T12:47:20+00:00\",\"dateModified\":\"2025-10-21T08:15:05+00:00\",\"breadcrumb\":{\"@id\":\"https:\\\/\\\/canix.cat\\\/esdeveniment\\\/canitrail-dordal\\\/#breadcrumb\"},\"inLanguage\":\"es\",\"potentialAction\":[{\"@type\":\"ReadAction\",\"target\":[\"https:\\\/\\\/canix.cat\\\/esdeveniment\\\/canitrail-dordal\\\/\"]}]},{\"@type\":\"ImageObject\",\"inLanguage\":\"es\",\"@id\":\"https:\\\/\\\/canix.cat\\\/esdeveniment\\\/canitrail-dordal\\\/#primaryimage\",\"url\":\"https:\\\/\\\/canix.cat\\\/wp-content\\\/uploads\\\/2025\\\/10\\\/Canitrail-Ordal-2026.jpg\",\"contentUrl\":\"https:\\\/\\\/canix.cat\\\/wp-content\\\/uploads\\\/2025\\\/10\\\/Canitrail-Ordal-2026.jpg\",\"width\":587,\"height\":783},{\"@type\":\"BreadcrumbList\",\"@id\":\"https:\\\/\\\/canix.cat\\\/esdeveniment\\\/canitrail-dordal\\\/#breadcrumb\",\"itemListElement\":[{\"@type\":\"ListItem\",\"position\":1,\"name\":\"Portada\",\"item\":\"https:\\\/\\\/canix.cat\\\/\"},{\"@type\":\"ListItem\",\"position\":2,\"name\":\"Esdeveniments\",\"item\":\"https:\\\/\\\/canix.cat\\\/esdeveniments\\\/\"},{\"@type\":\"ListItem\",\"position\":3,\"name\":\"Canitrail d\u00b4Ordal\"}]},{\"@type\":\"WebSite\",\"@id\":\"https:\\\/\\\/canix.cat\\\/#website\",\"url\":\"https:\\\/\\\/canix.cat\\\/\",\"name\":\"CaniX\",\"description\":\"Equipament per a gossos esportistes\",\"publisher\":{\"@id\":\"https:\\\/\\\/canix.cat\\\/#organization\"},\"potentialAction\":[{\"@type\":\"SearchAction\",\"target\":{\"@type\":\"EntryPoint\",\"urlTemplate\":\"https:\\\/\\\/canix.cat\\\/?s={search_term_string}\"},\"query-input\":{\"@type\":\"PropertyValueSpecification\",\"valueRequired\":true,\"valueName\":\"search_term_string\"}}],\"inLanguage\":\"es\"},{\"@type\":\"Organization\",\"@id\":\"https:\\\/\\\/canix.cat\\\/#organization\",\"name\":\"CaniX\",\"url\":\"https:\\\/\\\/canix.cat\\\/\",\"logo\":{\"@type\":\"ImageObject\",\"inLanguage\":\"es\",\"@id\":\"https:\\\/\\\/canix.cat\\\/#\\\/schema\\\/logo\\\/image\\\/\",\"url\":\"https:\\\/\\\/canix.cat\\\/wp-content\\\/uploads\\\/2024\\\/11\\\/logo-canix-sardinian-1.png\",\"contentUrl\":\"https:\\\/\\\/canix.cat\\\/wp-content\\\/uploads\\\/2024\\\/11\\\/logo-canix-sardinian-1.png\",\"width\":350,\"height\":201,\"caption\":\"CaniX\"},\"image\":{\"@id\":\"https:\\\/\\\/canix.cat\\\/#\\\/schema\\\/logo\\\/image\\\/\"},\"sameAs\":[\"https:\\\/\\\/www.facebook.com\\\/canixcat\",\"https:\\\/\\\/www.instagram.com\\\/canixcat\"]}]}<\/script>\n<!-- \/ Yoast SEO plugin. -->","yoast_head_json":{"title":"Canitrail de Ordal - CaniX","robots":{"index":"index","follow":"follow","max-snippet":"max-snippet:-1","max-image-preview":"max-image-preview:large","max-video-preview":"max-video-preview:-1"},"canonical":"https:\/\/canix.cat\/es\/esdeveniment\/canitrail-dordal\/","og_locale":"es_ES","og_type":"article","og_title":"Canitrail d\u00b4Ordal - CaniX","og_description":"2n Canitrail d&#8217;Ordal (Subirats) El pr\u00f2xim 11 de gener tornem a l&#8217;Ordal, tornarem a gaudir d&#8217;una aut\u00e8ntica festa solid\u00e0ria, amb canitrail, trail i caminada. Segueix la cursa a instagram: https:\/\/www.instagram.com\/canicrosspenedes\/ [&hellip;]","og_url":"https:\/\/canix.cat\/es\/esdeveniment\/canitrail-dordal\/","og_site_name":"CaniX","article_publisher":"https:\/\/www.facebook.com\/canixcat","article_modified_time":"2025-10-21T08:15:05+00:00","og_image":[{"width":587,"height":783,"url":"https:\/\/canix.cat\/wp-content\/uploads\/2025\/10\/Canitrail-Ordal-2026.jpg","type":"image\/jpeg"}],"twitter_card":"summary_large_image","twitter_misc":{"Tiempo de lectura":"1 minuto"},"schema":{"@context":"https:\/\/schema.org","@graph":[{"@type":"WebPage","@id":"https:\/\/canix.cat\/esdeveniment\/canitrail-dordal\/","url":"https:\/\/canix.cat\/esdeveniment\/canitrail-dordal\/","name":"Canitrail de Ordal - CaniX","isPartOf":{"@id":"https:\/\/canix.cat\/#website"},"primaryImageOfPage":{"@id":"https:\/\/canix.cat\/esdeveniment\/canitrail-dordal\/#primaryimage"},"image":{"@id":"https:\/\/canix.cat\/esdeveniment\/canitrail-dordal\/#primaryimage"},"thumbnailUrl":"https:\/\/canix.cat\/wp-content\/uploads\/2025\/10\/Canitrail-Ordal-2026.jpg","datePublished":"2025-10-18T12:47:20+00:00","dateModified":"2025-10-21T08:15:05+00:00","breadcrumb":{"@id":"https:\/\/canix.cat\/esdeveniment\/canitrail-dordal\/#breadcrumb"},"inLanguage":"es","potentialAction":[{"@type":"ReadAction","target":["https:\/\/canix.cat\/esdeveniment\/canitrail-dordal\/"]}]},{"@type":"ImageObject","inLanguage":"es","@id":"https:\/\/canix.cat\/esdeveniment\/canitrail-dordal\/#primaryimage","url":"https:\/\/canix.cat\/wp-content\/uploads\/2025\/10\/Canitrail-Ordal-2026.jpg","contentUrl":"https:\/\/canix.cat\/wp-content\/uploads\/2025\/10\/Canitrail-Ordal-2026.jpg","width":587,"height":783},{"@type":"BreadcrumbList","@id":"https:\/\/canix.cat\/esdeveniment\/canitrail-dordal\/#breadcrumb","itemListElement":[{"@type":"ListItem","position":1,"name":"Portada","item":"https:\/\/canix.cat\/"},{"@type":"ListItem","position":2,"name":"Esdeveniments","item":"https:\/\/canix.cat\/esdeveniments\/"},{"@type":"ListItem","position":3,"name":"Canitrail d\u00b4Ordal"}]},{"@type":"WebSite","@id":"https:\/\/canix.cat\/#website","url":"https:\/\/canix.cat\/","name":"CaniX","description":"Equipamiento para perros deportistas","publisher":{"@id":"https:\/\/canix.cat\/#organization"},"potentialAction":[{"@type":"SearchAction","target":{"@type":"EntryPoint","urlTemplate":"https:\/\/canix.cat\/?s={search_term_string}"},"query-input":{"@type":"PropertyValueSpecification","valueRequired":true,"valueName":"search_term_string"}}],"inLanguage":"es"},{"@type":"Organization","@id":"https:\/\/canix.cat\/#organization","name":"CaniX","url":"https:\/\/canix.cat\/","logo":{"@type":"ImageObject","inLanguage":"es","@id":"https:\/\/canix.cat\/#\/schema\/logo\/image\/","url":"https:\/\/canix.cat\/wp-content\/uploads\/2024\/11\/logo-canix-sardinian-1.png","contentUrl":"https:\/\/canix.cat\/wp-content\/uploads\/2024\/11\/logo-canix-sardinian-1.png","width":350,"height":201,"caption":"CaniX"},"image":{"@id":"https:\/\/canix.cat\/#\/schema\/logo\/image\/"},"sameAs":["https:\/\/www.facebook.com\/canixcat","https:\/\/www.instagram.com\/canixcat"]}]}},"_links":{"self":[{"href":"https:\/\/canix.cat\/es\/wp-json\/wp\/v2\/tribe_events\/8510","targetHints":{"allow":["GET"]}}],"collection":[{"href":"https:\/\/canix.cat\/es\/wp-json\/wp\/v2\/tribe_events"}],"about":[{"href":"https:\/\/canix.cat\/es\/wp-json\/wp\/v2\/types\/tribe_events"}],"author":[{"embeddable":true,"href":"https:\/\/canix.cat\/es\/wp-json\/wp\/v2\/users\/1"}],"version-history":[{"count":4,"href":"https:\/\/canix.cat\/es\/wp-json\/wp\/v2\/tribe_events\/8510\/revisions"}],"predecessor-version":[{"id":8581,"href":"https:\/\/canix.cat\/es\/wp-json\/wp\/v2\/tribe_events\/8510\/revisions\/8581"}],"wp:featuredmedia":[{"embeddable":true,"href":"https:\/\/canix.cat\/es\/wp-json\/wp\/v2\/media\/8579"}],"wp:attachment":[{"href":"https:\/\/canix.cat\/es\/wp-json\/wp\/v2\/media?parent=8510"}],"wp:term":[{"taxonomy":"post_tag","embeddable":true,"href":"https:\/\/canix.cat\/es\/wp-json\/wp\/v2\/tags?post=8510"},{"taxonomy":"tribe_events_cat","embeddable":true,"href":"https:\/\/canix.cat\/es\/wp-json\/wp\/v2\/tribe_events_cat?post=8510"}],"curies":[{"name":"wp","href":"https:\/\/api.w.org\/{rel}","templated":true}]}}

<p>2º Canitrail de Ordal (Subirats)</p>
<p>El próximo 11 de enero volvemos al Ordal, volveremos a disfrutar de una auténtica fiesta solidaria, con canitrail, trail y caminata.</p>
<p>Sigue la carrera a instagram: <a href="https://www.instagram.com/canicrosspenedes/">https://www.instagram.com/canicrosspenedes/</a></p>
<p>Recorrido 2025: <a href="https://ca.wikiloc.com/rutes-canicross/canitrail-d-ordal-2025-197715532">https://ca.wikiloc.com/rutes-canicross/canitrail-d-ordal-2025-197715532</a></p>
<p>¡Ven a vernos en el stand de CaniX!</p>

<p>2n Canitrail d&#8217;Ordal (Subirats) El pròxim 11 de gener tornem a l&#8217;Ordal, tornarem a gaudir d&#8217;una autèntica festa solidària, amb canitrail, trail i caminada. Segueix la cursa a instagram: https://www.instagram.com/canicrosspenedes/ [&hellip;]</p>

<!-- This site is optimized with the Yoast SEO plugin v27.5 - https://yoast.com/product/yoast-seo-wordpress/ -->
<title>Canitrail d´Ordal - CaniX</title>
<meta name="robots" content="index, follow, max-snippet:-1, max-image-preview:large, max-video-preview:-1" />
<link rel="canonical" href="https://canix.cat/es/esdeveniment/canitrail-dordal/" />
<meta property="og:locale" content="es_ES" />
<meta property="og:type" content="article" />
<meta property="og:title" content="Canitrail d´Ordal - CaniX" />
<meta property="og:description" content="2n Canitrail d&#8217;Ordal (Subirats) El pròxim 11 de gener tornem a l&#8217;Ordal, tornarem a gaudir d&#8217;una autèntica festa solidària, amb canitrail, trail i caminada. Segueix la cursa a instagram: https://www.instagram.com/canicrosspenedes/ [&hellip;]" />
<meta property="og:url" content="https://canix.cat/es/esdeveniment/canitrail-dordal/" />
<meta property="og:site_name" content="CaniX" />
<meta property="article:publisher" content="https://www.facebook.com/canixcat" />
<meta property="article:modified_time" content="2025-10-21T08:15:05+00:00" />
<meta property="og:image" content="https://canix.cat/wp-content/uploads/2025/10/Canitrail-Ordal-2026.jpg" />
	<meta property="og:image:width" content="587" />
	<meta property="og:image:height" content="783" />
	<meta property="og:image:type" content="image/jpeg" />
<meta name="twitter:card" content="summary_large_image" />
<meta name="twitter:label1" content="Tiempo de lectura" />
	<meta name="twitter:data1" content="1 minuto" />
<script type="application/ld+json" class="yoast-schema-graph">{"@context":"https:\/\/schema.org","@graph":[{"@type":"WebPage","@id":"https:\/\/canix.cat\/esdeveniment\/canitrail-dordal\/","url":"https:\/\/canix.cat\/esdeveniment\/canitrail-dordal\/","name":"Canitrail d´Ordal - CaniX","isPartOf":{"@id":"https:\/\/canix.cat\/#website"},"primaryImageOfPage":{"@id":"https:\/\/canix.cat\/esdeveniment\/canitrail-dordal\/#primaryimage"},"image":{"@id":"https:\/\/canix.cat\/esdeveniment\/canitrail-dordal\/#primaryimage"},"thumbnailUrl":"https:\/\/canix.cat\/wp-content\/uploads\/2025\/10\/Canitrail-Ordal-2026.jpg","datePublished":"2025-10-18T12:47:20+00:00","dateModified":"2025-10-21T08:15:05+00:00","breadcrumb":{"@id":"https:\/\/canix.cat\/esdeveniment\/canitrail-dordal\/#breadcrumb"},"inLanguage":"es","potentialAction":[{"@type":"ReadAction","target":["https:\/\/canix.cat\/esdeveniment\/canitrail-dordal\/"]}]},{"@type":"ImageObject","inLanguage":"es","@id":"https:\/\/canix.cat\/esdeveniment\/canitrail-dordal\/#primaryimage","url":"https:\/\/canix.cat\/wp-content\/uploads\/2025\/10\/Canitrail-Ordal-2026.jpg","contentUrl":"https:\/\/canix.cat\/wp-content\/uploads\/2025\/10\/Canitrail-Ordal-2026.jpg","width":587,"height":783},{"@type":"BreadcrumbList","@id":"https:\/\/canix.cat\/esdeveniment\/canitrail-dordal\/#breadcrumb","itemListElement":[{"@type":"ListItem","position":1,"name":"Portada","item":"https:\/\/canix.cat\/"},{"@type":"ListItem","position":2,"name":"Esdeveniments","item":"https:\/\/canix.cat\/esdeveniments\/"},{"@type":"ListItem","position":3,"name":"Canitrail d´Ordal"}]},{"@type":"WebSite","@id":"https:\/\/canix.cat\/#website","url":"https:\/\/canix.cat\/","name":"CaniX","description":"Equipament per a gossos esportistes","publisher":{"@id":"https:\/\/canix.cat\/#organization"},"potentialAction":[{"@type":"SearchAction","target":{"@type":"EntryPoint","urlTemplate":"https:\/\/canix.cat\/?s={search_term_string}"},"query-input":{"@type":"PropertyValueSpecification","valueRequired":true,"valueName":"search_term_string"}}],"inLanguage":"es"},{"@type":"Organization","@id":"https:\/\/canix.cat\/#organization","name":"CaniX","url":"https:\/\/canix.cat\/","logo":{"@type":"ImageObject","inLanguage":"es","@id":"https:\/\/canix.cat\/#\/schema\/logo\/image\/","url":"https:\/\/canix.cat\/wp-content\/uploads\/2024\/11\/logo-canix-sardinian-1.png","contentUrl":"https:\/\/canix.cat\/wp-content\/uploads\/2024\/11\/logo-canix-sardinian-1.png","width":350,"height":201,"caption":"CaniX"},"image":{"@id":"https:\/\/canix.cat\/#\/schema\/logo\/image\/"},"sameAs":["https:\/\/www.facebook.com\/canixcat","https:\/\/www.instagram.com\/canixcat"]}]}</script>
<!-- / Yoast SEO plugin. -->

2n Canitrail d&#8217;Ordal (Subirats) El pròxim 11 de gener tornem a l&#8217;Ordal, tornarem a gaudir d&#8217;una autèntica festa solidària, amb canitrail, trail i caminada. Segueix la cursa a instagram: https://www.instagram.com/canicrosspenedes/ [&hellip;]
